ne z(25).
-3
Let g(y) = y**3 - 2*y**2 - 4*y. Calculate g(-5).
-155
Let i(u) = -53*u + 15. Give i(0).
15
Let r(j) = 150*j**2 + 749*j - 8. Give r(-5).
-3
Let i(f) = -f**3 - 18*f**2 - 16*f + 30. Calculate i(-9).
-555
Let l(f) = 5*f**2 + 88*f - 262. What is l(-20)?
-22
Let n(c) = c**3 + 20*c**2 - 21*c - 835. Calculate n(-18).
191
Let k(q) = -70*q - 3045. Calculate k(-43).
-35
Let z(s) = -s**3 - 18*s**2 + 11*s + 197. Determine z(-18).
-1
Let a(w) = w**3 + 6*w**2 - 9*w + 46. What is a(-7)?
60
Let z(x) = x**3 - 19*x**2 + 10*x - 179. Give z(19).
11
Let w(n) = -n**3 + 16*n**2 - 15*n - 10. Give w(15).
-10
Let n(o) = -16*o**2 - 87*o + 86. Determine n(1).
-17
Let z(q) = 9*q**2 + 258*q - 789. Determine z(3).
66
Let q(o) = 2*o**3 - 16*o**2 + 66*o - 193. Determine q(5).
-13
Let n(s) = -66*s + 5107. Give n(77).
25
Let a(v) = 2*v**2 - 91*v + 185. Give a(43).
-30
Let p(t) = -t**2 + 95*t + 707. What is p(-7)?
-7
Let g(a) = a**3 - 57*a**2 + 73*a - 891. Determine g(56).
61
Let x(d) = d**3 + 18*d**2 + 28*d - 14. Determine x(-17).
-201
Let d(a) = -34*a + 734. Give d(22).
-14
Let s(w) = w**2 - 341*w + 22096. What is s(254)?
-2
Let s(r) = -5*r**2 - 50*r - 220. Give s(-5).
-95
Let f(k) = -303*k - 28181. Calculate f(-93).
-2
Let b(h) = 17*h**3 + 391*h**2 - 2*h - 4. Calculate b(-23).
42
Let w(j) = -37*j - 208. Determine w(10).
-578
Let q(m) = 1539*m + 33846. Determine q(-22).
-12
Let n(s) = 18*s**3 + 4*s**2 - 10*s - 36. Determine n(-2).
-144
Let p(w) = 22*w + 570. Give p(-26).
-2
Let j(b) = -237*b - 2068. Calculate j(-9).
65
Let g(o) = 149*o - 2502. Calculate g(17).
31
Let h(d) = 2*d**3 - 8*d**2 + 41*d - 87. Calculate h(3).
18
Let m(w) = -315*w + 5090. Determine m(16).
50
Let g(t) = -19*t**2 - 85*t + 34. Calculate g(-9).
-740
Let g(y) = y**3 + 13*y**2 + 7*y - 168. Give g(-4).
-52
Let r(a) = 5*a + 27. Give r(-10).
-23
Let g(k) = -2853*k - 5688. Give g(-2).
18
Let q(r) = 2*r**3 - 6*r**2 - 35*r - 7. Calculate q(7).
140
Let f(v) = 58*v - 2406. Give f(37).
-260
Let q(t) = 238*t**2 + 6659*t - 142. Give q(-28).
-2
Let y(b) = b**2 - 797*b - 4029. Calculate y(-5).
-19
Let b(r) = -161*r - 763. What is b(-5)?
42
Let h(d) = d**3 + 18*d**2 - d - 57. Determine h(-18).
-39
Let q(t) = -t**2 - 8*t + 14877. Give q(118).
9
Let p(u) = 51*u**3 - u**2 + 169*u - 169. Determine p(1).
50
Let l(n) = 4*n**2 - 199*n + 44. Calculate l(50).
94
Let y(i) = 2*i**3 + 35*i**2 - 467*i - 8082. Calculate y(-18).
0
Let g(o) = -75*o + 9139. What is g(122)?
-11
Let o(l) = -l**3 + 50*l**2 - 46*l + 6. What is o(49)?
153
Let i(b) = 12*b**3 - 131*b**2 - 15*b + 51. Determine i(11).
7
Let m(j) = -344*j**2 + 5160*j - 8. Determine m(15).
-8
Let o(i) = -80*i - 93. Give o(-4).
227
Let v(w) = -39*w - 644. What is v(-24)?
292
Let l(t) = 192*t + 383. Give l(-2).
-1
Let f(w) = w**2 + 30*w + 178. What is f(-9)?
-11
Let u(q) = -2*q**3 + 32*q**2 - 19*q + 18. Calculate u(15).
183
Let a(i) = -i**3 + 4*i**2 + 2*i - 7. Give a(7).
-140
Let w(c) = 130*c + 16. Give w(-2).
-244
Let p(c) = -c**2 + 30311*c + 151582. What is p(-5)?
2
Let l(a) = -135*a + 1939. Give l(16).
-221
Let p(c) = -7*c + 52. Calculate p(9).
-11
Let j(k) = 295*k - 799. Calculate j(3).
86
Let k(i) = 800*i + 6356. Calculate k(-8).
-44
Let u(d) = -d**2 + 625*d + 12992. Determine u(-20).
92
Let c(v) = -17846*v - 178450. What is c(-10)?
10
Let j(u) = -u**2 - 112*u + 5290. What is j(-149)?
-223
Let k(l) = -6*l - 116. Determine k(-16).
-20
Let v(z) = -z**3 + 99*z**2 - 1043*z - 13. Determine v(12).
-1
Let x(n) = n**2 + 5*n - 57. What is x(6)?
9
Let x(m) = -m**2 + 8*m + 425. Determine x(25).
0
Let v(w) = -2582*w - 46465. What is v(-18)?
11
Let l(d) = 232*d + 2365. What is l(-14)?
-883
Let b(g) = 621*g**2 + 15*g + 7. Determine b(-1).
613
Let q(l) = l**3 - 26*l**2 + 4*l - 105. Calculate q(26).
-1
Let k(w) = -2270*w - 13. Calculate k(0).
-13
Let v(r) = -r**3 + 60*r**2 - 218*r - 12. What is v(4)?
12
Let a(w) = 14*w**2 + 7*w + 9. Determine a(-2).
51
Let o(i) = 4*i**2 - 23*i - 51. Calculate o(-10).
579
Let m(p) = p**2 + 782*p + 10938. Give m(-14).
186
Let v(p) = -p**3 - 2*p**2 + 14*p + 32. Determine v(-3).
-1
Let p(x) = 2*x**2 + 6*x - 6611. What is p(-59)?
-3
Let d(x) = -2*x**3 + 151*x**2 + 114*x - 2855. Determine d(76).
33
Let p(w) = 50*w + 212. Give p(-6).
-88
Let l(y) = 7*y**2 - y - 154. Give l(9).
404
Let o(d) = d**3 + 26*d**2 - 96*d - 304. Calculate o(-29).
-43
Let w(j) = -539*j + 4838. Determine w(9).
-13
Let k(l) = -l**3 + 18*l**2 + 74*l - 20. What is k(20)?
660
Let i(s) = -2*s**3 + 6*s**2 + 14*s + 95. Give i(-5).
425
Let z(u) = 409*u - 9811. Give z(24).
5
Let o(b) = -130*b - 568. Determine o(-5).
82
Let n(t) = 218*t + 170. Give n(-1).
-48
Let u(p) = 2*p**3 + 3*p**2 - 2*p + 140. Determine u(0).
140
Let y(c) = 52*c + 1976. What is y(-38)?
0
Let h(d) = d**3 - 7*d**2 - 18*d + 54. Give h(8).
-26
Let u(x) = -2*x**3 + 28*x**2 + 44*x - 209. What is u(15)?
1
Let c(l) = l**3 - 9*l**2 - 26*l - 10. Calculate c(13).
328
Let f(w) = 3*w**3 + 7*w**2 + 11*w + 6. What is f(-2)?
-12
Let h(l) = -105*l**2 - 4730*l - 205. What is h(-45)?
20
Let u(c) = -4*c + 126. Determine u(11).
82
Let d(p) = 10*p + 32. What is d(-10)?
-68
Let q(v) = v**3 - 28*v**2 - 131*v + 74. What is q(32)?
-22
Let p(v) = -10*v**2 - 66*v + 6. Calculate p(0).
6
Let x(p) = -4*p**2 + 225*p - 692. What is x(53)?
-3
Let s(k) = 338*k + 6093. Give s(-18).
9
Let i(p) = 9*p**2 - 86*p - 16. What is i(11)?
127
Let f(s) = 232*s + 280. Give f(-1).
48
Let w(s) = -44*s - 58. What is w(-7)?
250
Let o(p) = 48*p + 1011. Calculate o(-21).
3
Let t(q) = -q**3 + 7*q**2 + 400*q + 195. What is t(24)?
3
Let r(b) = b**3 - 274*b**2 + 2632*b + 3. Give r(10).
-77
Let p(m) = 7*m - 152. Calculate p(20).
-12
Let d(c) = 11809*c + 70853. Determine d(-6).
-1
Let g(v) = -913*v + 21909. Give g(24).
-3
Let x(h) = -103*h + 6. Give x(1).
-97
Let o(y) = y**2 - 10*y + 18. Give o(3).
-3
Let t(z) = -z**3 + z**2 + 3*z - 224. Calculate t(0).
-224
Let p(m) = -m**2 - 157*m - 915. Determine p(-151).
-9
Let n(u) = -420*u + 5045. What is n(12)?
5
Let p(n) = 2*n**3 - 29*n**2 - 65*n + 9. Give p(17).
349
Let w(c) = -c**2 + 208*c. What is w(0)?
0
Let y(u) = -u**2 + 176*u - 1181. What is y(7)?
2
Let s(l) = 2*l**3 + 2*l**2 - 15*l + 62. Give s(6).
476
Let y(o) = 338*o - 6083. Give y(18).
1
Let s(u) = u**2 + 24*u - 20. What is s(6)?
160
Let b(m) = -70*m - 200. Calculate b(-3).
10
Let g(r) = -139*r + 6778. Give g(49).
-33
Let z(c) = -9*c**2 - 462*c + 933. Calculate z(2).
-27
Let g(n) = -28*n - 7646. Determine g(-273).
-2
Let j(p) = -p**2 + 28*p - 106. What is j(5)?
9
Let c(d) = -2*d**3 + 61*d**2 - 34*d - 43. Determine c(30).
-163
Let x(j) = j**3 - 18*j**2 - 105*j - 91. Determine x(23).
139
Let g(j) = j**3 - 21*j**2 - 15*j - 133. What is g(22)?
21
Let c(n) = -n**3 + 10*n**2 + 18*n - 14. Give c(12).
-86
Let m(t) = -989*t - 30638. Determine m(-31).
21
Let q(u) = 285*u + 14230. Determine q(-50).
-20
Let z(d) = -75*d - 870. What is z(-5)?
-495
Let p(j) = 966*j - 971. Determine p(1).
-5
Let v(m) = -87*m + 9. Determine v(-1).
96
Let z(g) = g**3 - 88*g**2 + 1151*g + 147. Give z(72).
75
Let w(l) = 4*l**2 - 174*l + 258. Determine w(42).
6
Let z(x) = x**2 + 16*x - 515. Determine z(16).
-3
Let d(x) = -11*x**2 + 83*x - 5. Calculate d(8).
-45
Let x(z) = -37*z**2 + z + 43. Give x(-4).
-553
Let h(l) = -111*l**2 + 561*l - 16. Give h(5).
14
Let n(p) = -p**3 - 9*p**2 + 20*p + 10. Determine n(-11).
32
Let q(x) = 14*x**2 + 286*x - 496. Calculate q(-22).
-12
Let g(u) = -883*u + 1089. Calculate g(2).
-677
Let y(f) = 2*f**2 + 40*f + 165. Determine y(-14).
-3
Let b(s) = 187*s - 1697. Calculate b(9).
-14
Let s(l) = l**2 + 30*l + 228. What is s(-13)?
7
Let j(q) = 51*q**2 + 306*q - 7. Calculate j(-6).
-7
Let w(p) = -35*p - 182. Give w(2).
-252
Let o(b) = 2*b**3 + 18*b**2 + 55. Determine o(-5).
255
Let p(k) = 3*k**3 - 18*k**2. Give p(6).
0
Let b(p) = p**3 - 11*p**2 - 18*p + 248. What is b(10)?
-32
Let n(m) = -2*m**3 + 153*m**2 - 973*m - 5. What is n(7)?
-5
Let f(d) = 18*d**3 - 72*d**2 - 4*d + 5. Determine f(4).
-11
Let y(p) = -p**3 - 102*p**2 - 4*p - 443. What is y(-102)?
-35
Let q(f) = -156*f - 1085. What is q(-7)?
7
Let t(m) = -19*m**2 - 89*m - 11. What is t(-4)?
41
Let o(i) = -9*i**2 + 42*i. What is o(5)?
-15
Let b(s) = -s**2 - 52*s - 490. Calculate b(-38).
42
Let n(s) = 300*s + 1066. Calculate n(-4).
-1